e the highest common divisor of c and 54.
54
Let n(o) = -36*o - 221. Let a be n(-7). What is the highest common divisor of 1984 and a?
31
Let y be (2/(-6))/(-3 + 252/81). Let n be 2 + (y - 1) - (0 - 12). Suppose 4 = 2*c - 16. Calculate the greatest common factor of c and n.
10
Suppose -2164*d + 2169*d - 6655 = 0. Calculate the highest common factor of d and 44.
11
Suppose d - 11 = f - 4*f, 4*d + 4*f - 36 = 0. Suppose x + 993 - 636 = 4*r, -3*r + 284 = -4*x. What is the highest common divisor of d and r?
8
Let r(y) = -5*y**2 + 3*y. Let m be r(0). Suppose -2*i - 2*i + 3*x + 348 = m, 3*i = 3*x + 264. Let f = -16 - -72. What is the greatest common divisor of f and i?
28
Suppose 33 = b + 3*g, g - 71 = -2*b - 0*g. Let j = b + -20. What is the highest common factor of j and 48?
16
Let s be 260/(-40)*(2 + 0). Let p be (-739)/s - 16/(-104). Suppose -20*a + 2133 = -1287. What is the greatest common divisor of a and p?
57
Suppose -4*j - 105*x - 328 = -106*x, -3*j - 5*x - 269 = 0. Let l be (-538)/(-6) + 2/6. Let z = j + l. What is the highest common factor of z and 2?
1
Let s(p) = 40*p**3 + p**2 - 2*p + 1. Let y be s(1). Let u(c) = 75*c**2 - 60*c + 55. Let k be u(1). Calculate the greatest common factor of k and y.
10
Suppose 2*n + 2 = -8, -4*x - 4*n - 8 = 0. Suppose x*k - k - 34 = 0. Let s be (18 - k)/((-2)/(-18)). Calculate the greatest common factor of 9 and s.
9
Let w = -186 - -176. Let p be (-80)/(-2) - (w - -14). Calculate the highest common factor of p and 396.
36
Suppose 11*i + 100 = 4*d + 9*i, -42 = -2*d + 5*i. Let q(c) = 2*c + 169. Let b be q(d). What is the highest common divisor of 52 and b?
13
Suppose -40 = -4*c - 3*n + 122, -192 = -5*c - 2*n. Suppose 0 = 3*z - 5*z + 600. What is the highest common divisor of c and z?
12
Let s be (-1)/(-2) + (-27)/(-18) + 1. Let i be (-2 + s - -2) + (76 - 53). Calculate the greatest common divisor of i and 247.
13
Let j(b) = 99*b - 2421. Let f be j(29). What is the greatest common factor of 350 and f?
50
Let c(o) = -9*o**2 - 9*o - 10. Let z be c(-7). Suppose -78*m = -79*m + 675. Let f = z + m. Calculate the greatest common factor of 41 and f.
41
Let z = -390 - -391. Let i be (-2 - (z + -4 - 4)) + 21. What is the greatest common divisor of i and 52?
26
Suppose -3*g + 22 = -5*g + 3*p, -2*g + 2*p = 22. Let c = g + 16. Suppose -4 = c*w - 24. What is the greatest common divisor of w and 4?
4
Let t = 12 - 2. Suppose 0 = -r - 4*a + 277 - 90, 5*r = -3*a + 969. Suppose 45 = 8*s - r. Calculate the highest common factor of s and t.
10
Suppose 3*v = 4*i - 32 + 12, 3*i + 6 = -3*v. Let q be i + (-11 - -2) + (1 - -2). Let u be (q + -218*2/8)*-2. What is the highest common factor of 13 and u?
13
Let s(a) = -2*a**3 + 54*a**2 - 27*a + 38. Let n be s(26). What is the highest common factor of 43 and n?
43
Suppose -104*l + 103*l + 2*b = -26, 0 = -2*b - 10. Calculate the highest common factor of 348 and l.
4
Let b = -3552 - -5376. What is the highest common divisor of 384 and b?
96
Let x = -578 - -562. Let m be (-6)/3 - x/(-3 + 4). Let w(s) = 50*s + 4. Let j be w(3). What is the greatest common divisor of j and m?
14
Let i be (-4*(-4)/5 - 65/13)*-1655. What is the highest common divisor of i and 72?
9
Let q be (18/(-24))/((-46)/(-24) - 2). Suppose -4*j = -s - 77, 6*j - q*j - 2*s + 66 = 0. What is the highest common factor of j and 50?
10
Let r(g) = 2*g**2 + 7*g + 77. Let x be r(0). Calculate the greatest common divisor of x and 4928.
77
Suppose 86*c - 13009 = -4284 + 12603. Calculate the greatest common factor of c and 34472.
248
Suppose 26*b = 8*b + 237 + 465. Let a be (-2 + 1 + 4)/(-12 - -13). What is the highest common divisor of b and a?
3
Let r = -116 - -150. Let u = r - 29. Suppose u*v - 51 = 194. Calculate the highest common divisor of v and 14.
7
Let n = -1 - -3. Suppose r + n*j - 16 = -5, j = 2*r - 17. Suppose -8*c - 7*c + 243 = 12*c. What is the highest common factor of c and r?
9
Let x(t) = t**2 - 21*t + 42. Let v(i) = -i. Let j(f) = 4*v(f) - x(f). Let q be j(10). Calculate the greatest common factor of 28 and q.
28
Let t = -44 + 42. Let q be ((-7)/2 - 4)*t. Suppose 0 = -18*s + q*s + 528. Calculate the highest common factor of 16 and s.
16
Let j = 3347 - 3203. What is the highest common factor of j and 1692?
36
Let i = -71 - -195. Suppose 4*h = i + 404. Let k be (-17)/51 + 37/3. What is the highest common divisor of h and k?
12
Let q = -861 - -1017. Calculate the highest common factor of 18 and q.
6
Let u = -43 + 73. Suppose 0 = -10*m + 28 + 32. Let l be 1 + m*(-14)/(-3) - -1. Calculate the greatest common divisor of l and u.
30
Let d = -32105 - -32137. Suppose 2*t - 45 - 51 = 0. Calculate the greatest common factor of t and d.
16
Let t = -4344 - -10188. Calculate the highest common divisor of 72 and t.
12
Suppose -125712 = -7772*g + 7754*g. What is the highest common divisor of g and 72?
72
Let w(z) = 44*z**3 + 181*z**2 + 15*z - 3. Let r be w(-4). Let b be (-2 - -4)*(-17)/(-2). What is the highest common factor of b and r?
17
Suppose 28 = -5*s + 33, -10*p + 9704 = 4*s. Calculate the highest common divisor of 80 and p.
10
Let t(g) = -5*g - 4. Let c be t(-13). Let p be -3 + (c - 1 - 1). Let j = p - 13. What is the greatest common divisor of 215 and j?
43
Let p be (7/3 - 4/(-24))*(-3570)/(-175). What is the highest common divisor of 901 and p?
17
Let d(f) = -2*f**2 + 148*f + 1338. Let o be d(81). Calculate the highest common factor of 9486 and o.
102
Let m(v) = 166*v + 16. Suppose -f + 25 - 7 = -4*b, -4*f + 5*b + 28 = 0. Let t be m(f). What is the highest common factor of 29 and t?
29
Let x = 3 + 1. Suppose 2*i = -3*i - 15, 2*t - 22 = x*i. Suppose -216 = -t*r - r. Calculate the greatest common divisor of r and 12.
12
Suppose -2*l + a + 161 = -295, 0 = -2*l - a + 448. Suppose 233*j = l*j + 322. Calculate the highest common divisor of j and 253.
23
Suppose 0 = -0*w + w - 1. Let a(k) = 2*k**2 - 8*k + 14. Let d be a(3). Let v = d - w. What is the greatest common divisor of 1 and v?
1
Suppose 0 = 26*v - v + 251 - 1851. What is the highest common factor of v and 28?
4
Let b = 100 + -94. Suppose -3*d + 10*j + 47 = b*j, -4*d + 71 = 3*j. What is the greatest common divisor of 119 and d?
17
Let v be (-20)/24 - (-15793)/102. Calculate the highest common divisor of v and 319.
11
Let k(g) = -2*g**3 - 52*g**2 - 80*g - 289. Let l be k(-35). Calculate the highest common factor of 9 and l.
9
Let x = -164 + 486. Suppose 19*h - 1078 + 584 = 1254. What is the greatest common divisor of h and x?
46
Suppose 0 = 4*p - 86 + 62. Let f(n) = n**2 - 4*n + 3. Let i be f(2). Let d be i/3 - 60/(-18). Calculate the greatest common divisor of p and d.
3
Let n = 4786 - 4201. Calculate the greatest common factor of n and 1305.
45
Let n(s) = s**3 + 92*s**2 + 661*s + 125. Let r be n(-84). What is the greatest common divisor of 1 and r?
1
Let a(m) = -15*m**2 + 6*m - 2. Let r(g) = 63*g**2 - 24*g + 9. Let i(t) = -9*a(t) - 2*r(t). Let z be i(2). Calculate the greatest common divisor of 768 and z.
24
Let h = -8141 - -8605. Calculate the greatest common factor of 240 and h.
16
Let a be 0 + 2 - (0 - -1). Let m(y) = 973*y**3 + 3*y**2 - 2*y + 2. Let c be m(a). What is the highest common divisor of 61 and c?
61
Let w be ((-48)/(-18) - 2) + 4544/24. What is the greatest common divisor of 20 and w?
10
Suppose -222 = -7*u + 79. Let t = -45 + u. Let b(s) = 2*s**2 + 8*s + 12. Let q be b(t). Calculate the highest common factor of 76 and q.
4
Suppose -73*c - 237 + 363 = -1699. What is the greatest common divisor of c and 5525?
25
Let z(n) = -6*n + 9. Let u(x) = -x**2 + 5*x + 19. Let d be 8 + -2 + -1 - -3. Let y be u(d). Let l be z(y). Calculate the highest common factor of l and 351.
39
Let h(w) be the first derivative of -46*w**2 - 66*w + 199. Let u be h(-1). Calculate the highest common factor of u and 208.
26
Let o = 69 - -75. Suppose 36*c - 43*c - 126 = -14*c. Calculate the greatest common factor of c and o.
18
Let k = 2991 + -2685. Calculate the highest common factor of k and 816.
102
Suppose 7160 = -47*o + 33151. What is the greatest common factor of o and 869?
79
Let j be -2*130/(-4) - 1. Let q = 203 - 199. Suppose 0*h + 42 = 3*h + 3*b, 0 = -2*b - q. Calculate the highest common factor of h and j.
16
Suppose -9*m + 3708 = 900. Calculate the highest common factor o